)?
-3
Let x(j) = 3371*j + 33533. What is x(-10)?
-177
Let k(a) = -43*a**2 + 5229*a + 12767. Give k(124).
-5
Let m(n) = -102627*n + 11. Give m(0).
11
Let m(x) = -3*x**2 - 2663*x - 23717. Determine m(-9).
7
Let m(p) = -p**3 + 143*p**2 + 303*p - 130. What is m(145)?
1755
Let u(g) = g**3 - 101*g**2 + 114*g - 11521. Calculate u(101).
-7
Let c(o) = -5745*o + 120651. What is c(21)?
6
Let y(b) = -161*b**2 + 1781*b - 56. Calculate y(11).
54
Let r(n) = -3*n**2 + 486*n - 1248. Give r(158).
648
Let f(c) = -2*c**3 + 146*c**2 + 629*c - 1060. Determine f(77).
-59
Let l(n) = -1026*n + 239487. Determine l(233).
429
Let w(f) = -12*f**3 - 384*f**2 + 2*f + 40. Calculate w(-32).
-24
Let c(i) = i**3 + 13*i**2 - 89*i + 132. Give c(-18).
114
Let z(i) = -2*i**2 + 9045*i + 36186. Calculate z(-4).
-26
Let d(y) = 5199*y - 1242564. Determine d(239).
-3
Let p(q) = 30*q**3 + 19*q**2 + 119*q - 13. Calculate p(-4).
-2105
Let r(d) = -d**3 + 139*d**2 - 1170*d + 2384. Determine r(130).
2384
Let d(o) = o**3 + 12*o**2 + 74*o + 106. Calculate d(-2).
-2
Let t(i) = i**3 + 46*i**2 - 573*i - 767. Determine t(-56).
-39
Let u(l) = -7250*l - 28986. Give u(-4).
14
Let o(z) = -215182*z + 5. What is o(0)?
5
Let d(y) = -y**3 + 147*y**2 - 708*y - 19441. Determine d(141).
17
Let o(r) = 7*r**3 + 10*r**2 + 19*r - 42. What is o(6)?
1944
Let r(u) = -7299*u + 452528. What is r(62)?
-10
Let m(p) = -106*p**2 - 3515*p - 564. Give m(-33).
-3
Let i(f) = -301*f**3 - 4*f**2 + 53*f - 77. Calculate i(2).
-2395
Let y(n) = 10*n**3 + 461*n**2 + 47*n + 101. What is y(-46)?
55
Let m(g) = -63*g**3 - 313*g**2 - 622*g - 4. What is m(-2)?
492
Let y(x) = -21*x**2 + 2058*x + 6094. What is y(-3)?
-269
Let h(z) = 2807*z + 11928. What is h(-4)?
700
Let c(l) = 684*l**2 + 64289*l - 684. What is c(-94)?
-26
Let u(x) = x**2 - 11374*x + 1105050. What is u(98)?
2
Let p(r) = 3*r**2 + 141*r + 22. What is p(-8)?
-914
Let m(y) = -667*y - 173139. Calculate m(-260).
281
Let o(f) = -310*f**2 + 2516*f - 5059. Give o(2).
-1267
Let w(y) = 5*y**2 + 891*y - 1636. Determine w(-180).
-16
Let h(n) = -n**3 - 55*n**2 - 125*n - 7299. What is h(-55)?
-424
Let r(p) = -1577*p + 15550. Calculate r(10).
-220
Let r(b) = -21*b**2 + 1133*b - 9887. Calculate r(43).
3
Let k(t) = -3108*t + 27929. Calculate k(10).
-3151
Let s(j) = j**3 + 3*j**2 - 1359*j + 1509. Give s(-40).
-3331
Let x(z) = -370*z + 5562. Give x(15).
12
Let u(v) = 14071*v + 2265423. What is u(-161)?
-8
Let h(g) = 215*g - 18303. Determine h(85).
-28
Let v(x) = x**3 - 11*x**2 - 3759*x + 33970. Calculate v(9).
-23
Let m(a) = a**3 + 27*a - 297. What is m(0)?
-297
Let v(y) = -94*y**2 - 1949*y + 497. Determine v(-21).
-28
Let u(w) = w**3 - 148*w**2 + 879*w + 15223. Determine u(141).
-5
Let g(n) = -281*n - 368. Determine g(7).
-2335
Let m(f) = 49064*f + 736175. Give m(-15).
215
Let p(j) = j**3 + 103*j**2 + 2124*j - 633. Calculate p(-29).
5
Let n(c) = 37*c**2 + 539*c + 1046. Give n(-13).
292
Let f(l) = 2*l**3 + 415*l**2 + 1035*l + 2079. Determine f(-205).
29
Let b(l) = -4733219*l - 14199660. Give b(-3).
-3
Let t(p) = 9355*p + 654852. What is t(-70)?
2
Let o(q) = q**3 - 468*q**2 + 6340*q + 7259. What is o(454)?
-5
Let u(x) = -x**3 + 508*x**2 - 14789*x + 943. Determine u(477).
-11
Let t(p) = -5*p**3 - 76*p**2 - 28*p - 156. Give t(-15).
39
Let k(c) = c**3 + 19*c**2 - 35055*c - 631230. What is k(-18)?
84
Let k(u) = 3*u**2 - 5346*u + 79505. Calculate k(15).
-10
Let v(w) = 92090*w - 5. What is v(0)?
-5
Let l(n) = -2*n**3 + 3*n**2 - 30*n - 133. Give l(-6).
587
Let p(l) = -l**3 - 102*l**2 + 15*l + 1176. Give p(-102).
-354
Let c(l) = -7932*l + 1277046. Calculate c(161).
-6
Let n(u) = 11*u**2 - 825*u + 7755. What is n(11)?
11
Let w(n) = -2015*n - 5251. Give w(-4).
2809
Let u(l) = -7*l**2 + 1944*l - 123280. Calculate u(98).
4
Let p(y) = -438*y**2 - 33728*y - 214. What is p(-77)?
-60
Let i(t) = 5*t**3 - 3*t**2 - 256*t + 505. Give i(2).
21
Let i(z) = 12003*z - 192008. Give i(16).
40
Let o(s) = -6*s**2 - 21239*s + 427175. Determine o(20).
-5
Let a(b) = -b**3 + 100*b**2 + 260*b - 8409. Determine a(-10).
-9
Let q(d) = -9*d**2 - 333*d + 159. Give q(-37).
159
Let i(f) = -f**3 - 132*f**2 - 3514*f + 12. Calculate i(-37).
-25
Let k(x) = -x**2 + 342*x - 28705. Determine k(192).
95
Let x(v) = v**3 - 25*v**2 - 77*v - 169. Determine x(28).
27
Let u(t) = -3*t**2 + 709*t + 10553. Determine u(-14).
39
Let x(j) = -17825*j + 445615. Give x(25).
-10
Let j(a) = 121*a + 4182. Determine j(-34).
68
Let n(q) = -11*q**3 + 572*q**2 - 1129*q - 21. Determine n(2).
-79
Let p(u) = 38*u - 2190. Give p(61).
128
Let j(q) = -q**3 - 2072*q**2 + 65196*q - 90. Determine j(31).
3
Let r(o) = -o**3 - 202*o**2 - o + 98. Determine r(0).
98
Let v(a) = -4*a**2 - 5*a - 19. What is v(2)?
-45
Let g(h) = -2*h**3 - 67*h**2 + 193*h + 5721. Calculate g(-9).
15
Let q(m) = -820*m - 5003. Calculate q(-6).
-83
Let l(p) = 3*p**2 + 401*p - 3089. Determine l(8).
311
Let i(f) = -2*f**3 + 14*f**2 + 937*f + 36. Calculate i(26).
-1290
Let t(s) = -15959*s + 3814206. Determine t(239).
5
Let m(r) = 1080*r**2 + 6675*r - 10. Give m(-6).
-1180
Let g(z) = -8*z**2 - 16*z + 3828. Give g(0).
3828
Let h(n) = -1018*n - 24629. What is h(-25)?
821
Let m(r) = 2476*r**3 - 212*r**2 + 204*r + 6. Calculate m(1).
2474
Let v(f) = 232*f + 1125. Calculate v(-3).
429
Let o(r) = -11*r**3 + 742*r**2 + 819*r + 78. Determine o(-1).
12
Let p(j) = j**3 + 445*j**2 + 12872*j + 15733. Determine p(-414).
1
Let u(x) = 229*x**2 - 19*x - 61. Determine u(-3).
2057
Let q(o) = 123*o**2 + 8755*o + 10153. Determine q(-70).
3
Let x(n) = 5*n**3 - 3*n**2 + 3*n + 104. What is x(-6)?
-1102
Let y(g) = 30743*g + 3935110. Calculate y(-128).
6
Let g(m) = -7*m**3 - 1222*m**2 - 693*m + 460. Calculate g(-174).
-62
Let s(o) = -112940*o - 564699. Give s(-5).
1
Let j(x) = -24*x**2 + 709*x - 708. Determine j(1).
-23
Let d(f) = -2*f**2 - 933*f - 2209. Determine d(-464).
111
Let o(c) = -353*c + 28320. What is o(79)?
433
Let g(q) = -3330*q + 432894. What is g(130)?
-6
Let z(s) = -s**3 - 78*s**2 - 555*s + 183. Determine z(-70).
-167
Let l(a) = 132*a - 8888. Calculate l(68).
88
Let h(t) = -t**2 + 126*t - 3827. Give h(63).
142
Let u(y) = -1396*y - 4037. Give u(-4).
1547
Let f(q) = -71458*q - 857401. Give f(-12).
95
Let x(f) = -40077*f + 360693. Give x(9).
0
Let n(h) = 5*h**2 - 430*h + 4190. Calculate n(75).
65
Let a(g) = -7*g**2 - 129*g - 41. Give a(-18).
13
Let t(n) = n**3 - 281*n**2 - 1429*n - 553. Calculate t(286).
-267
Let q(p) = p**2 - 25212*p + 100861. Determine q(4).
29
Let u(y) = y**3 + 19*y**2 + 33*y + 75. Calculate u(-18).
-195
Let p(t) = -283*t**2 + 499*t + 11. Give p(2).
-123
Let z(v) = -2*v**3 + 110*v**2 - 620*v - 6. Determine z(6).
-198
Let z(c) = 8*c**3 - 6*c**2 + 46*c - 91. Calculate z(3).
209
Let f(m) = m**2 - 1328*m + 74226. Give f(59).
-645
Let x(z) = -7*z**3 + 155*z**2 + 140*z - 59. What is x(23)?
-13
Let y(d) = -107*d**2 + 78*d + 12. Give y(-4).
-2012
Let v(q) = -244284*q + 2687114. Give v(11).
-10
Let o(y) = 867*y**3 + 68*y**2 + 9*y + 6. Determine o(-1).
-802
Let p(n) = -643*n + 598. Give p(-6).
4456
Let v(k) = 15*k**2 + 17*k - 203. Give v(-6).
235
Let v(n) = 4*n**2 - 4787*n + 251168. What is v(55)?
-17
Let w(x) = x**3 - 20143*x**2 + 100697*x - 10. What is w(5)?
25
Let t(x) = -x**2 + 302*x + 48021. Calculate t(417).
66
Let c(r) = 814*r + 105736. Give c(-130).
-84
Let y(k) = -k**2 - 59*k - 304. Give y(-57).
-190
Let z(i) = -i**3 + 28*i**2 + 599*i - 230. Calculate z(-15).
460
Let h(f) = 9*f**2 - 1316*f + 470. Determine h(146).
178
Let i(j) = -3*j**3 + 121*j**2 + 471*j - 20186. Calculate i(40).
254
Let g(k) = k**3 + 96*k**2 + 428*k + 31646. Determine g(-95).
11
Let v(x) = -100*x + 16524. Calculate v(164).
124
Let u(n) = -21*n**3 - 232*n**2 - 588*n + 67. Calculate u(-7).
18
Let y(k) = 199*k - 82. What is y(2)?
316
Let c(r) = -26899*r - 56280. Calculate c(-2).
-2482
Let q(f) = -f**3 + 27*f**2 - 82*f + 18. Determine q(6).
282
Let f(x) = -676*x - 26364. What is f(-37)?
-1352
Let r(l) = -329*l - 230. Calculate r(-1).
99
Let m(l) = -l**3 - 243*l**2 - 529*l - 69325. Give m(-242).
129
Let d(i) = -287*i**2 + 93276*i - 316. Calculate d(325).
9
Let y(z) = 387*z - 4716. Calculate y(10).
-846
Let i(p) = 1246*p + 27856. Calculate i(-24).
-2048
Let k(p) = p**2 - 234*p - 27042. Give k(-85).
73
Let p(a) = -102667*a - 307989. W